3 - 16*k + 3. Determine r(4).
-125
Let u(i) = 7*i - 40. Give u(19).
93
Let r(b) = 13132*b - 91932. Determine r(7).
-8
Let k(c) = -c**3 + 21*c**2 - 4*c + 83. Give k(21).
-1
Let h(f) = -141*f - 30. What is h(5)?
-735
Let s(u) = 97*u - 2621. What is s(28)?
95
Let j(l) = -1163*l - 6979. Calculate j(-6).
-1
Let r(z) = 2*z**2 - 45*z + 342. Calculate r(14).
104
Let q(n) = -7*n**2 + 906*n - 373. Determine q(129).
14
Let k(s) = 2*s**2 + 84*s + 811. Calculate k(-15).
1
Let i(w) = w**2 + 252*w + 5. Give i(0).
5
Let o(z) = -z**3 - 22*z**2 + 4. What is o(-22)?
4
Let h(u) = -7*u**3 - 2*u**2 - u + 2. Calculate h(-1).
8
Let h(d) = 25*d - 148. Give h(6).
2
Let y(f) = -104*f**2 + 181*f - 5. Give y(2).
-59
Let w(j) = j**2 + 5*j - 654. Give w(23).
-10
Let s(u) = -u**3 + 15*u**2 + 11*u + 281. Determine s(17).
-110
Let y(w) = w**2 + 3*w - 263. Determine y(-20).
77
Let y(i) = i**3 + 29*i**2 - 359*i + 138. Give y(9).
-15
Let g(r) = -10*r - 269. Calculate g(-16).
-109
Let d(f) = -1753*f + 12242. Determine d(7).
-29
Let o(j) = -41*j + 612. Calculate o(11).
161
Let m(j) = -j**3 - j**2 + 17*j + 18. Determine m(-4).
-2
Let g(h) = 4*h**3 + 89*h**2 + 107*h + 44. Give g(-21).
2
Let b(d) = d**3 - 70*d**2 + 420*d + 148. Calculate b(7).
1
Let k(g) = g**3 + 35*g**2 - 14*g - 413. Give k(-35).
77
Let s(k) = -409*k**3 - 4*k**2 - 20*k - 16. Determine s(-1).
409
Let w(i) = -37*i**3 - 154*i - 153. What is w(-1)?
38
Let s(r) = r**3 + 43*r**2 - 296*r - 93. What is s(-49)?
5
Let s(a) = -3009*a + 18030. Give s(6).
-24
Let r(g) = 198*g - 615. Give r(3).
-21
Let v(k) = -k**3 - 20*k**2 + 17*k - 58. Calculate v(-21).
26
Let r(l) = -122*l**2 - 1342*l - 33. Determine r(-11).
-33
Let u(s) = -59*s - 580. Give u(-9).
-49
Let u(m) = m - 84. What is u(5)?
-79
Let a(o) = -578*o - 41619. Give a(-72).
-3
Let k(v) = -4*v**2 + 178*v - 1250. Determine k(9).
28
Let f(d) = d**3 - 3*d**2 + 74*d - 438. Determine f(6).
114
Let f(i) = 466*i + 461. Determine f(-1).
-5
Let h(s) = s**3 - 10*s**2 - 93*s - 21. What is h(16)?
27
Let n(k) = -1575*k + 2. Determine n(0).
2
Let a(m) = m**3 - 22*m**2 + 74*m - 15. Determine a(18).
21
Let s(n) = -n**3 - 9*n**2 + 14*n - 81. Calculate s(-11).
7
Let l(a) = a**2 - 46*a + 261. Determine l(17).
-232
Let c(k) = -47*k - 5045. Give c(-107).
-16
Let x(n) = -18*n - 652. Determine x(-37).
14
Let l(z) = -3*z**2 - 26*z + 2. Determine l(-8).
18
Let v(g) = g**3 - 29*g**2 + 3*g + 36. Give v(29).
123
Let n(i) = -2*i**3 - 11*i**2 - 19*i - 13. What is n(-7)?
267
Let m(q) = -q**2 + 305*q - 2385. Determine m(8).
-9
Let d(f) = -10*f - 138. Calculate d(-9).
-48
Let j(y) = -4*y - 13. Calculate j(0).
-13
Let g(a) = 100*a + 498. Determine g(-5).
-2
Let s(n) = -48*n - 364. Give s(-21).
644
Let h(u) = -u**3 - 9*u**2 + 108*u + 749. Determine h(-6).
-7
Let g(u) = u**3 - 15*u**2 + 16*u + 12. What is g(14)?
40
Let r(a) = 5*a**2 + 254*a + 101. Determine r(-49).
-340
Let t(g) = -g**2 - 13*g - 77. Calculate t(-9).
-41
Let t(i) = -2*i**2 + 299*i - 1756. Give t(6).
-34
Let s(b) = -35*b**2 - 107*b - 8. Calculate s(-3).
-2
Let a(q) = -2*q**3 + 32*q**2 - 19*q - 164. What is a(15)?
1
Let u(w) = -19*w**2 + 132*w + 21. Determine u(9).
-330
Let q(m) = -2*m**3 + 4*m**2 + 15*m - 38. Determine q(2).
-8
Let g(c) = -6*c**2 - 85*c + 106. Calculate g(-18).
-308
Let i(q) = q - 26. Calculate i(22).
-4
Let v(z) = -81*z - 10375. What is v(-128)?
-7
Let s(c) = -12*c**3 + 136*c**2 - 39*c - 26. Calculate s(11).
29
Let j(w) = -54*w + 40. What is j(2)?
-68
Let r(d) = 16*d**3 + 31*d**2 - 109*d - 9. Calculate r(3).
375
Let n(q) = -250*q + 11998. Give n(48).
-2
Let r(f) = -f**2 - 7*f + 22. What is r(-9)?
4
Let v(r) = r**3 + r**2 - 27*r + 34. Determine v(4).
6
Let n(g) = -2*g**3 - 7*g**2 - 65*g - 236. What is n(-4)?
40
Let a(w) = w**2 - 29*w + 7. Determine a(28).
-21
Let m(y) = -82*y + 324. Calculate m(3).
78
Let t(q) = -q**3 - 20*q**2 + 42*q + 30. Give t(-22).
74
Let p(j) = -4*j**2 + 2*j - 17. Determine p(-5).
-127
Let o(r) = -r**3 - 62*r**2 - 759*r + 251. Give o(-45).
-19
Let m(a) = 309*a + 24. Determine m(0).
24
Let a(b) = -b**3 + 92*b**2 - 493*b - 142. Calculate a(6).
-4
Let k(f) = -6*f**3 + 24*f**2 - 30*f + 9. Determine k(1).
-3
Let a(v) = -13*v**2 - 181*v - 592. Calculate a(-5).
-12
Let z(o) = o**3 - 73*o**2 + 341*o - 58. Calculate z(68).
10
Let t(x) = -4*x**3 + 27*x**2 + 10*x - 34. Give t(7).
-13
Let r(x) = -128*x + 1. Give r(0).
1
Let u(j) = -j**2 + 13*j + 347. Give u(32).
-261
Let k(z) = 2*z**3 + 20*z**2 + 3*z + 25. Determine k(-10).
-5
Let x(k) = -15*k**2 + 18*k + 195. What is x(-3)?
6
Let c(o) = -85*o - 492. Determine c(-6).
18
Let d(b) = 2*b**2 - 85*b - 2126. Determine d(-19).
211
Let i(f) = -5159*f + 30964. Calculate i(6).
10
Let u(k) = 2*k**3 - 3*k**2 - 4*k - 5. Calculate u(-2).
-25
Let y(j) = j**2 + 231*j + 10040. Give y(-173).
6
Let s(x) = 7*x**2 - 21*x - 44. Calculate s(4).
-16
Let m(x) = 2*x**3 + 31*x**2 + 148*x + 529. Calculate m(-11).
-10
Let i(d) = -2*d**2 - 84*d + 176. Calculate i(-44).
0
Let o(m) = 12*m + 163. What is o(-15)?
-17
Let v(w) = -632*w + 54978. Calculate v(87).
-6
Let i(a) = a**3 + 7*a**2 + 6*a - 1. Determine i(-3).
17
Let k(o) = 3*o**3 - 77*o**2 + 182*o + 13. Determine k(23).
-33
Let q(m) = 18*m + 133. Give q(-4).
61
Let o(m) = -4*m**2 + 313*m - 76. Give o(78).
2
Let l(r) = r**2 - 113*r + 3232. Calculate l(51).
70
Let n(c) = -c**3 + 69*c**2 + 297*c + 14. What is n(-4)?
-6
Let j(f) = -3*f**2 + 84*f. Calculate j(28).
0
Let l(a) = -46*a + 575. What is l(12)?
23
Let n(g) = -g**3 + 27*g**2 - 19*g - 28. What is n(26)?
154
Let z(l) = -4596*l + 4614. Give z(1).
18
Let m(d) = 143*d + 8730. Calculate m(-61).
7
Let z(x) = 4*x**2 - 26*x - 26. What is z(-1)?
4
Let d(r) = r**3 + r**2 - 125*r - 65. Calculate d(0).
-65
Let t(k) = 365*k - 6119. Calculate t(17).
86
Let p(l) = 3*l**3 + 121*l**2 + 33*l - 54. Calculate p(-40).
226
Let i(c) = c**3 - 71*c**2 + 73*c - 202. Calculate i(70).
8
Let w(m) = -8*m**2 - 41*m + 42. Determine w(1).
-7
Let w(h) = -3*h**2 + 42*h + 76. Give w(13).
115
Let g(l) = -46*l - 6993. Calculate g(-152).
-1
Let r(v) = 155*v + 4629. Give r(-31).
-176
Let c(q) = -102*q + 21910. What is c(215)?
-20
Let f(l) = l**2 - 6*l - 80. Calculate f(-10).
80
Let o(f) = -2*f**2 + 46*f + 989. Give o(36).
53
Let a(f) = -2650*f + 13242. Calculate a(5).
-8
Let d(p) = 960*p**2 - 5759*p - 19. Calculate d(6).
-13
Let y(h) = -h**2 + 22*h + 482. Determine y(21).
503
Let l(v) = -743*v - 2949. Give l(-4).
23
Let p(m) = m**3 + 47*m**2 - 6*m - 277. Calculate p(-47).
5
Let t(n) = -n**3 + 12*n**2 + 17*n - 62. Calculate t(5).
198
Let p(x) = 107*x - 6794. Give p(64).
54
Let d(p) = 3*p**2 + 16*p + 46. What is d(-11)?
233
Let f(o) = -o**2 - 34*o + 31. Give f(-28).
199
Let x(j) = j**3 - 7*j**2 - 18*j + 80. What is x(6)?
-64
Let l(q) = -308*q + 909. Give l(3).
-15
Let d(x) = x**3 + 62*x**2 + 555*x - 316. Calculate d(-51).
-10
Let d(q) = 26*q - 106. Give d(11).
180
Let v(h) = 27*h - 142. Calculate v(9).
101
Let o(q) = -18*q**2 + 95*q - 2. Determine o(-3).
-449
Let j(w) = -25*w - 1281. What is j(-53)?
44
Let o(h) = 27*h**2 - h + 4. Determine o(-1).
32
Let k(a) = 2191*a + 1. Determine k(0).
1
Let b(q) = -8*q**2 - 84*q - 47. Determine b(-9).
61
Let s(m) = 644*m**2 - 32845*m + 39. Determine s(51).
-12
Let h(b) = 2*b**3 + 68*b**2 + 66*b - 11. Give h(-33).
-11
Let n(c) = 80*c**2 + 79*c + 154. What is n(-2)?
316
Let c(n) = -n**3 - 26*n**2 + 142*n + 35. What is c(-31)?
438
Let a(l) = 9*l**3 + 17*l**2 + 26*l + 29. Give a(-4).
-379
Let l(v) = -81*v - 381. What is l(-6)?
105
Let l(f) = -f**2 - 778*f - 3871. Give l(-5).
-6
Let j(v) = -69*v + 846. Calculate j(19).
-465
Let p(d) = 7*d**3 - d**2 + 83*d - 84. Determine p(1).
5
Let h(y) = 2*y**2 + 7*y - 156. Calculate h(7).
-9
Let g(t) = t**2 - 59*t + 649. Calculate g(15).
-11
Let r(k) = -2*k**3 - 3*k**2 + k - 1. Determine r(-3).
23
Let b(d) = -2*d**2 - 4*d + 15. Calculate b(-6).
-33
Let p(x) = -x**3 + 6*x**2 + 21*x + 52. Give p(9).
-2
Let c(q) = 57*q + 55. What is c(-15)?
-800
Let n(l) = -7*l**3 + 950*l**2 + 271*l + 95. Determine n(136).
-41
Let y(j) = -133*j - 2664. What is y(-20)?
-4
Let v(s) = 11*s + 121. Calculate v(-12).
-11
Let s(y) = 2*y**3 - 295*y**2 + 723*y + 312. Determine s(145).
22
Let x(j) = -21*j - 10. Give x(-4).
74
Let u(i) = i**2 - 141*i + 4642. Determine u(89).
14
Let v(t) = 341